{"id":12,"date":"2024-09-29T15:50:31","date_gmt":"2024-09-29T13:50:31","guid":{"rendered":"https:\/\/asta.uni-saarland.de\/champus\/?page_id=12"},"modified":"2024-09-29T16:22:06","modified_gmt":"2024-09-29T14:22:06","slug":"mitmachen","status":"publish","type":"page","link":"https:\/\/asta.uni-saarland.de\/champus\/mitmachen\/","title":{"rendered":"Mitmachen"},"content":{"rendered":"\n<p>Das AStA-Magazin der UdS sucht schreibbegeisterte Teambuilder, die sich f\u00fcr das Schreiben und Gestalten von Texten interessieren und sich weiterentwickeln m\u00f6chten. Wichtig ist uns vor allem gute Ausdrucksf\u00e4higkeit und Freude am Schreiben\u270d. Kreativen Ideen sind keine Grenzen gesetzt!<\/p>\n\n\n\n<p>Nach dem Motto: \u201e<strong>Von Studierenden f\u00fcr Studierenden<\/strong>\u201c soll das AStA-Campusmagazin Tipps im Studium und Lifestyle geben. Vor allem f\u00fcr <strong>Studienanf\u00e4nger <\/strong>ist der integrierte Studienf\u00fchrer von Vorteil, der einen Leitfaden f\u00fcr den dynamischen Einstieg in den Studienalltag bieten soll. Hochschulsport, Hochschulpolitik (Parteien, StuPa), Anlaufstellen f\u00fcr <strong>Beratungen <\/strong>jeglicher Art seitens AStA und Campus, <strong>Kultur <\/strong>am und um den Campus, universit\u00e4re Angebote wie Zertifikate und Sprachkurse, Unifilm und vieles mehr d\u00fcrfen nat\u00fcrlich nicht fehlen! Bring dich mit ein und werde Teil eines jungen, dynamischen <strong>ChampusredAKtion <\/strong>Teams und Champion am Campus!<\/p>\n\n\n\n<div class=\"wp-block-buttons is-content-justification-center is-layout-flex wp-container-core-buttons-is-layout-16018d1d wp-block-buttons-is-layout-flex\">\n<div class=\"wp-block-button\"><a class=\"wp-block-button__link has-black-color has-light-green-cyan-background-color has-text-color has-background has-link-color wp-element-button\" href=\"mailto:publikationen@asta.uni-saarland.de\"><strong>Mache jetzt mit!<\/strong><\/a><\/div>\n<\/div>\n","protected":false},"excerpt":{"rendered":"<p>Das AStA-Magazin der UdS sucht schreibbegeisterte Teambuilder, die sich f\u00fcr das Schreiben und Gestalten von Texten interessieren und sich weiterentwickeln m\u00f6chten. Wichtig ist uns vor allem gute Ausdrucksf\u00e4higkeit und Freude&hellip;<\/p>\n","protected":false},"author":1,"featured_media":0,"parent":0,"menu_order":0,"comment_status":"closed","ping_status":"closed","template":"","meta":{"footnotes":""},"class_list":["post-12","page","type-page","status-publish","hentry"],"yoast_head":"<!-- This site is optimized with the Yoast SEO plugin v24.2 - https:\/\/yoast.com\/wordpress\/plugins\/seo\/ -->\n<title>Mitmachen - Champus UdS<\/title>\n<meta name=\"robots\" content=\"index, follow, max-snippet:-1, max-image-preview:large, max-video-preview:-1\" \/>\n<link rel=\"canonical\" href=\"https:\/\/asta.uni-saarland.de\/champus\/mitmachen\/\" \/>\n<meta property=\"og:locale\" content=\"de_DE\" \/>\n<meta property=\"og:type\" content=\"article\" \/>\n<meta property=\"og:title\" content=\"Mitmachen - Champus UdS\" \/>\n<meta property=\"og:description\" content=\"Das AStA-Magazin der UdS sucht schreibbegeisterte Teambuilder, die sich f\u00fcr das Schreiben und Gestalten von Texten interessieren und sich weiterentwickeln m\u00f6chten. Wichtig ist uns vor allem gute Ausdrucksf\u00e4higkeit und Freude&hellip;\" \/>\n<meta property=\"og:url\" content=\"https:\/\/asta.uni-saarland.de\/champus\/mitmachen\/\" \/>\n<meta property=\"og:site_name\" content=\"Champus UdS\" \/>\n<meta property=\"article:modified_time\" content=\"2024-09-29T14:22:06+00:00\" \/>\n<meta name=\"twitter:card\" content=\"summary_large_image\" \/>\n<meta name=\"twitter:label1\" content=\"Gesch\u00e4tzte Lesezeit\" \/>\n\t<meta name=\"twitter:data1\" content=\"1\u00a0Minute\" \/>\n<script type=\"application\/ld+json\" class=\"yoast-schema-graph\">{\"@context\":\"https:\/\/schema.org\",\"@graph\":[{\"@type\":\"WebPage\",\"@id\":\"https:\/\/asta.uni-saarland.de\/champus\/mitmachen\/\",\"url\":\"https:\/\/asta.uni-saarland.de\/champus\/mitmachen\/\",\"name\":\"Mitmachen - Champus UdS\",\"isPartOf\":{\"@id\":\"https:\/\/asta.uni-saarland.de\/champus\/#website\"},\"datePublished\":\"2024-09-29T13:50:31+00:00\",\"dateModified\":\"2024-09-29T14:22:06+00:00\",\"breadcrumb\":{\"@id\":\"https:\/\/asta.uni-saarland.de\/champus\/mitmachen\/#breadcrumb\"},\"inLanguage\":\"de\",\"potentialAction\":[{\"@type\":\"ReadAction\",\"target\":[\"https:\/\/asta.uni-saarland.de\/champus\/mitmachen\/\"]}]},{\"@type\":\"BreadcrumbList\",\"@id\":\"https:\/\/asta.uni-saarland.de\/champus\/mitmachen\/#breadcrumb\",\"itemListElement\":[{\"@type\":\"ListItem\",\"position\":1,\"name\":\"Startseite\",\"item\":\"https:\/\/asta.uni-saarland.de\/champus\/\"},{\"@type\":\"ListItem\",\"position\":2,\"name\":\"Mitmachen\"}]},{\"@type\":\"WebSite\",\"@id\":\"https:\/\/asta.uni-saarland.de\/champus\/#website\",\"url\":\"https:\/\/asta.uni-saarland.de\/champus\/\",\"name\":\"Champus UdS\",\"description\":\"AStA Magazin der Universit\u00e4t des Saarlandes\",\"publisher\":{\"@id\":\"https:\/\/asta.uni-saarland.de\/champus\/#organization\"},\"potentialAction\":[{\"@type\":\"SearchAction\",\"target\":{\"@type\":\"EntryPoint\",\"urlTemplate\":\"https:\/\/asta.uni-saarland.de\/champus\/?s={search_term_string}\"},\"query-input\":{\"@type\":\"PropertyValueSpecification\",\"valueRequired\":true,\"valueName\":\"search_term_string\"}}],\"inLanguage\":\"de\"},{\"@type\":\"Organization\",\"@id\":\"https:\/\/asta.uni-saarland.de\/champus\/#organization\",\"name\":\"Champus UdS\",\"url\":\"https:\/\/asta.uni-saarland.de\/champus\/\",\"logo\":{\"@type\":\"ImageObject\",\"inLanguage\":\"de\",\"@id\":\"https:\/\/asta.uni-saarland.de\/champus\/#\/schema\/logo\/image\/\",\"url\":\"https:\/\/asta.uni-saarland.de\/champus\/wp-content\/uploads\/2024\/09\/cropped-Champus.gif\",\"contentUrl\":\"https:\/\/asta.uni-saarland.de\/champus\/wp-content\/uploads\/2024\/09\/cropped-Champus.gif\",\"width\":268,\"height\":90,\"caption\":\"Champus UdS\"},\"image\":{\"@id\":\"https:\/\/asta.uni-saarland.de\/champus\/#\/schema\/logo\/image\/\"}}]}<\/script>\n<!-- \/ Yoast SEO plugin. -->","yoast_head_json":{"title":"Mitmachen - Champus UdS","robots":{"index":"index","follow":"follow","max-snippet":"max-snippet:-1","max-image-preview":"max-image-preview:large","max-video-preview":"max-video-preview:-1"},"canonical":"https:\/\/asta.uni-saarland.de\/champus\/mitmachen\/","og_locale":"de_DE","og_type":"article","og_title":"Mitmachen - Champus UdS","og_description":"Das AStA-Magazin der UdS sucht schreibbegeisterte Teambuilder, die sich f\u00fcr das Schreiben und Gestalten von Texten interessieren und sich weiterentwickeln m\u00f6chten. Wichtig ist uns vor allem gute Ausdrucksf\u00e4higkeit und Freude&hellip;","og_url":"https:\/\/asta.uni-saarland.de\/champus\/mitmachen\/","og_site_name":"Champus UdS","article_modified_time":"2024-09-29T14:22:06+00:00","twitter_card":"summary_large_image","twitter_misc":{"Gesch\u00e4tzte Lesezeit":"1\u00a0Minute"},"schema":{"@context":"https:\/\/schema.org","@graph":[{"@type":"WebPage","@id":"https:\/\/asta.uni-saarland.de\/champus\/mitmachen\/","url":"https:\/\/asta.uni-saarland.de\/champus\/mitmachen\/","name":"Mitmachen - Champus UdS","isPartOf":{"@id":"https:\/\/asta.uni-saarland.de\/champus\/#website"},"datePublished":"2024-09-29T13:50:31+00:00","dateModified":"2024-09-29T14:22:06+00:00","breadcrumb":{"@id":"https:\/\/asta.uni-saarland.de\/champus\/mitmachen\/#breadcrumb"},"inLanguage":"de","potentialAction":[{"@type":"ReadAction","target":["https:\/\/asta.uni-saarland.de\/champus\/mitmachen\/"]}]},{"@type":"BreadcrumbList","@id":"https:\/\/asta.uni-saarland.de\/champus\/mitmachen\/#breadcrumb","itemListElement":[{"@type":"ListItem","position":1,"name":"Startseite","item":"https:\/\/asta.uni-saarland.de\/champus\/"},{"@type":"ListItem","position":2,"name":"Mitmachen"}]},{"@type":"WebSite","@id":"https:\/\/asta.uni-saarland.de\/champus\/#website","url":"https:\/\/asta.uni-saarland.de\/champus\/","name":"Champus UdS","description":"AStA Magazin der Universit\u00e4t des Saarlandes","publisher":{"@id":"https:\/\/asta.uni-saarland.de\/champus\/#organization"},"potentialAction":[{"@type":"SearchAction","target":{"@type":"EntryPoint","urlTemplate":"https:\/\/asta.uni-saarland.de\/champus\/?s={search_term_string}"},"query-input":{"@type":"PropertyValueSpecification","valueRequired":true,"valueName":"search_term_string"}}],"inLanguage":"de"},{"@type":"Organization","@id":"https:\/\/asta.uni-saarland.de\/champus\/#organization","name":"Champus UdS","url":"https:\/\/asta.uni-saarland.de\/champus\/","logo":{"@type":"ImageObject","inLanguage":"de","@id":"https:\/\/asta.uni-saarland.de\/champus\/#\/schema\/logo\/image\/","url":"https:\/\/asta.uni-saarland.de\/champus\/wp-content\/uploads\/2024\/09\/cropped-Champus.gif","contentUrl":"https:\/\/asta.uni-saarland.de\/champus\/wp-content\/uploads\/2024\/09\/cropped-Champus.gif","width":268,"height":90,"caption":"Champus UdS"},"image":{"@id":"https:\/\/asta.uni-saarland.de\/champus\/#\/schema\/logo\/image\/"}}]}},"_links":{"self":[{"href":"https:\/\/asta.uni-saarland.de\/champus\/wp-json\/wp\/v2\/pages\/12","targetHints":{"allow":["GET"]}}],"collection":[{"href":"https:\/\/asta.uni-saarland.de\/champus\/wp-json\/wp\/v2\/pages"}],"about":[{"href":"https:\/\/asta.uni-saarland.de\/champus\/wp-json\/wp\/v2\/types\/page"}],"author":[{"embeddable":true,"href":"https:\/\/asta.uni-saarland.de\/champus\/wp-json\/wp\/v2\/users\/1"}],"replies":[{"embeddable":true,"href":"https:\/\/asta.uni-saarland.de\/champus\/wp-json\/wp\/v2\/comments?post=12"}],"version-history":[{"count":2,"href":"https:\/\/asta.uni-saarland.de\/champus\/wp-json\/wp\/v2\/pages\/12\/revisions"}],"predecessor-version":[{"id":36,"href":"https:\/\/asta.uni-saarland.de\/champus\/wp-json\/wp\/v2\/pages\/12\/revisions\/36"}],"wp:attachment":[{"href":"https:\/\/asta.uni-saarland.de\/champus\/wp-json\/wp\/v2\/media?parent=12"}],"curies":[{"name":"wp","href":"https:\/\/api.w.org\/{rel}","templated":true}]}}