{"id":129,"date":"2022-04-04T02:25:36","date_gmt":"2022-04-04T00:25:36","guid":{"rendered":"https:\/\/asta.uni-saarland.de\/unifilm-new\/?page_id=129"},"modified":"2024-10-19T16:15:42","modified_gmt":"2024-10-19T14:15:42","slug":"kontakt","status":"publish","type":"page","link":"https:\/\/asta.uni-saarland.de\/unifilm\/kontakt\/","title":{"rendered":"Kontakt"},"content":{"rendered":"\n<p>Wenn du \u00fcber unsere aktuellen Vorstellungen informiert werden m\u00f6chtest, kannst du uns auf folgende Weise folgen:<\/p>\n\n\n\n<figure class=\"wp-block-table\"><table><tbody><tr><td><strong>Instagram<\/strong><\/td><td><a href=\"https:\/\/www.instagram.com\/unifilm_uds\/\">@unifilm_uds<\/a><\/td><\/tr><\/tbody><\/table><\/figure>\n\n\n\n<p>Wenn Du Fragen, Anregungen oder Kritik zu UNIFILM hast oder mitmachen m\u00f6chtest, komm einfach bei uns vorbei.<br>Wir freuen uns auf Deinen Besuch. Wir sind auf folgenden Wegen erreichbar:<\/p>\n\n\n\n<figure class=\"wp-block-table is-style-regular\"><table><tbody><tr><td><strong>Vorbeikommen<\/strong><\/td><td><a href=\"http:\/\/www.uni-saarland.de\/de\/info\/universitaet\/lageplan\/interaktiver-lageplan.html\" target=\"_blank\" rel=\"noreferrer noopener\">Geb. A5 2<\/a>, Raum 09, Campus Saarbr\u00fccken<\/td><\/tr><tr><td>per<strong> Mail<\/strong><\/td><td><a href=\"mailto:unifilm@asta.uni-saarland.de\">unifilm@asta.uni-saarland.de<\/a><\/td><\/tr><tr><td><strong>telefonisch<\/strong><\/td><td><a href=\"tel:+496813022858\">0681 \/ 302-2858<\/a><\/td><\/tr><tr><td>per <strong>Fax<\/strong><\/td><td><a href=\"fax:+496813024323\">0681 \/ 302-4323<\/a><\/td><\/tr><tr><td><strong>Instagram<\/strong><\/td><td><a href=\"https:\/\/www.instagram.com\/unifilm_uds\/\">@unifilm_uds<\/a><\/td><\/tr><tr><td><strong>Postanschrift<\/strong><\/td><td>Unifilm<br>AStA der Universit\u00e4t des Saarlandes<br>Campus Geb. A5 2<br>66123 Saarbr\u00fccken<\/td><\/tr><\/tbody><\/table><\/figure>\n\n\n\n<div class=\"wp-block-columns is-layout-flex wp-container-core-columns-is-layout-9d6595d7 wp-block-columns-is-layout-flex\">\n<div class=\"wp-block-column is-layout-flow wp-block-column-is-layout-flow\"><\/div>\n\n\n\n<div class=\"wp-block-column is-layout-flow wp-block-column-is-layout-flow\"><\/div>\n<\/div>\n\n\n\n<p>UNIFILM ist ein Referat des <a rel=\"noreferrer noopener\" href=\"http:\/\/www.asta.uni-saarland.de\/\" target=\"_blank\">AStA<\/a>, <a rel=\"noreferrer noopener\" href=\"http:\/\/www.uni-saarland.de\/de\/profil\/anschrift\/lageplan\/geb_index\/a5-2\/\" target=\"_blank\">Geb. A5 2<\/a>. Dort ist auch das Unifilm-B\u00fcro zu finden.<br>Die Vorstellungen finden, soweit nicht anders angegeben, im <a rel=\"noreferrer noopener\" href=\"http:\/\/www.uni-saarland.de\/de\/info\/universitaet\/lageplan\/interaktiver-lageplan.html\" target=\"_blank\">AudiMax, Geb. B4 1<\/a> statt.<\/p>\n\n\n\n<div class=\"wpcf7 no-js\" id=\"wpcf7-f131-o1\" lang=\"de-DE\" dir=\"ltr\">\n<div class=\"screen-reader-response\"><p role=\"status\" aria-live=\"polite\" aria-atomic=\"true\"><\/p> <ul><\/ul><\/div>\n<form action=\"\/unifilm\/wp-json\/wp\/v2\/pages\/129#wpcf7-f131-o1\" method=\"post\" class=\"wpcf7-form init\" aria-label=\"Kontaktformular\" novalidate=\"novalidate\" data-status=\"init\">\n<div style=\"display: none;\">\n<input type=\"hidden\" name=\"_wpcf7\" value=\"131\" \/>\n<input type=\"hidden\" name=\"_wpcf7_version\" value=\"5.9.8\" \/>\n<input type=\"hidden\" name=\"_wpcf7_locale\" value=\"de_DE\" \/>\n<input type=\"hidden\" name=\"_wpcf7_unit_tag\" value=\"wpcf7-f131-o1\" \/>\n<input type=\"hidden\" name=\"_wpcf7_container_post\" value=\"0\" \/>\n<input type=\"hidden\" name=\"_wpcf7_posted_data_hash\" value=\"\" \/>\n<\/div>\n<p><label> Ihr Name (Pflichtfeld)<br \/>\n<span class=\"wpcf7-form-control-wrap\" data-name=\"your-name\"><input size=\"40\" maxlength=\"400\" class=\"wpcf7-form-control wpcf7-text wpcf7-validates-as-required\" aria-required=\"true\" aria-invalid=\"false\" value=\"\" type=\"text\" name=\"your-name\" \/><\/span> <\/label>\n<\/p>\n<p><label> Ihre E-Mail-Adresse (Pflichtfeld)<br \/>\n<span class=\"wpcf7-form-control-wrap\" data-name=\"your-email\"><input size=\"40\" maxlength=\"400\" class=\"wpcf7-form-control wpcf7-email wpcf7-validates-as-required wpcf7-text wpcf7-validates-as-email\" aria-required=\"true\" aria-invalid=\"false\" value=\"\" type=\"email\" name=\"your-email\" \/><\/span> <\/label>\n<\/p>\n<p><label> Betreff<br \/>\n<span class=\"wpcf7-form-control-wrap\" data-name=\"your-subject\"><input size=\"40\" maxlength=\"400\" class=\"wpcf7-form-control wpcf7-text\" aria-invalid=\"false\" value=\"\" type=\"text\" name=\"your-subject\" \/><\/span> <\/label>\n<\/p>\n<p><label> Ihre Nachricht<br \/>\n<span class=\"wpcf7-form-control-wrap\" data-name=\"your-message\"><textarea cols=\"40\" rows=\"10\" maxlength=\"2000\" class=\"wpcf7-form-control wpcf7-textarea\" aria-invalid=\"false\" name=\"your-message\"><\/textarea><\/span> <\/label>\n<\/p>\n<p><label> Bist du ein Roboter?<br \/>\n<span class=\"wpcf7-form-control-wrap\" data-name=\"quiz-225\"><label><span class=\"wpcf7-quiz-label\">Schreibe folgende Zahl: zweiundvierzig<\/span> <input size=\"40\" class=\"wpcf7-form-control wpcf7-quiz\" autocomplete=\"off\" aria-required=\"true\" aria-invalid=\"false\" type=\"text\" name=\"quiz-225\" \/><\/label><input type=\"hidden\" name=\"_wpcf7_quiz_answer_quiz-225\" value=\"ad280202ebf31fb59ea17bfaefe08fbe\" \/><\/span><br \/>\n<input class=\"wpcf7-form-control wpcf7-submit has-spinner\" type=\"submit\" value=\"Senden\" \/><\/label>\n<\/p><div class=\"wpcf7-response-output\" aria-hidden=\"true\"><\/div>\n<\/form>\n<\/div>\n\n","protected":false},"excerpt":{"rendered":"<p>Wenn du \u00fcber unsere aktuellen Vorstellungen informiert werden m\u00f6chtest, kannst du uns auf folgende Weise folgen: Instagram @unifilm_uds Wenn Du Fragen, Anregungen oder Kritik zu UNIFILM hast oder mitmachen m\u00f6chtest, komm einfach bei uns vorbei.Wir freuen uns auf Deinen Besuch.<\/p>\n","protected":false},"author":2,"featured_media":0,"parent":0,"menu_order":0,"comment_status":"closed","ping_status":"closed","template":"","meta":{"footnotes":""},"class_list":["post-129","page","type-page","status-publish","hentry"],"yoast_head":"<!-- This site is optimized with the Yoast SEO plugin v23.5 - https:\/\/yoast.com\/wordpress\/plugins\/seo\/ -->\n<title>Kontakt - Unifilm Saarbr\u00fccken<\/title>\n<meta name=\"robots\" content=\"index, follow, max-snippet:-1, max-image-preview:large, max-video-preview:-1\" \/>\n<link rel=\"canonical\" href=\"https:\/\/asta.uni-saarland.de\/unifilm\/kontakt\/\" \/>\n<meta property=\"og:locale\" content=\"de_DE\" \/>\n<meta property=\"og:type\" content=\"article\" \/>\n<meta property=\"og:title\" content=\"Kontakt - Unifilm Saarbr\u00fccken\" \/>\n<meta property=\"og:description\" content=\"Wenn du \u00fcber unsere aktuellen Vorstellungen informiert werden m\u00f6chtest, kannst du uns auf folgende Weise folgen: Instagram @unifilm_uds Wenn Du Fragen, Anregungen oder Kritik zu UNIFILM hast oder mitmachen m\u00f6chtest, komm einfach bei uns vorbei.Wir freuen uns auf Deinen Besuch.\" \/>\n<meta property=\"og:url\" content=\"https:\/\/asta.uni-saarland.de\/unifilm\/kontakt\/\" \/>\n<meta property=\"og:site_name\" content=\"Unifilm Saarbr\u00fccken\" \/>\n<meta property=\"article:publisher\" content=\"https:\/\/www.instagram.com\/unifilm_uds\/\" \/>\n<meta property=\"article:modified_time\" content=\"2024-10-19T14:15:42+00:00\" \/>\n<meta name=\"twitter:card\" content=\"summary_large_image\" \/>\n<meta name=\"twitter:label1\" content=\"Gesch\u00e4tzte Lesezeit\" \/>\n\t<meta name=\"twitter:data1\" content=\"1\u00a0Minute\" \/>\n<script type=\"application\/ld+json\" class=\"yoast-schema-graph\">{\"@context\":\"https:\/\/schema.org\",\"@graph\":[{\"@type\":\"WebPage\",\"@id\":\"https:\/\/asta.uni-saarland.de\/unifilm\/kontakt\/\",\"url\":\"https:\/\/asta.uni-saarland.de\/unifilm\/kontakt\/\",\"name\":\"Kontakt - Unifilm Saarbr\u00fccken\",\"isPartOf\":{\"@id\":\"https:\/\/asta.uni-saarland.de\/unifilm\/#website\"},\"datePublished\":\"2022-04-04T00:25:36+00:00\",\"dateModified\":\"2024-10-19T14:15:42+00:00\",\"breadcrumb\":{\"@id\":\"https:\/\/asta.uni-saarland.de\/unifilm\/kontakt\/#breadcrumb\"},\"inLanguage\":\"de\",\"potentialAction\":[{\"@type\":\"ReadAction\",\"target\":[\"https:\/\/asta.uni-saarland.de\/unifilm\/kontakt\/\"]}]},{\"@type\":\"BreadcrumbList\",\"@id\":\"https:\/\/asta.uni-saarland.de\/unifilm\/kontakt\/#breadcrumb\",\"itemListElement\":[{\"@type\":\"ListItem\",\"position\":1,\"name\":\"Startseite\",\"item\":\"https:\/\/asta.uni-saarland.de\/unifilm\/\"},{\"@type\":\"ListItem\",\"position\":2,\"name\":\"Kontakt\"}]},{\"@type\":\"WebSite\",\"@id\":\"https:\/\/asta.uni-saarland.de\/unifilm\/#website\",\"url\":\"https:\/\/asta.uni-saarland.de\/unifilm\/\",\"name\":\"Unifilm\",\"description\":\"Das Filmprojekt des AStA der UdS\",\"publisher\":{\"@id\":\"https:\/\/asta.uni-saarland.de\/unifilm\/#organization\"},\"potentialAction\":[{\"@type\":\"SearchAction\",\"target\":{\"@type\":\"EntryPoint\",\"urlTemplate\":\"https:\/\/asta.uni-saarland.de\/unifilm\/?s={search_term_string}\"},\"query-input\":{\"@type\":\"PropertyValueSpecification\",\"valueRequired\":true,\"valueName\":\"search_term_string\"}}],\"inLanguage\":\"de\"},{\"@type\":\"Organization\",\"@id\":\"https:\/\/asta.uni-saarland.de\/unifilm\/#organization\",\"name\":\"Unifilm Saarbr\u00fccken\",\"alternateName\":\"Unifilm\",\"url\":\"https:\/\/asta.uni-saarland.de\/unifilm\/\",\"logo\":{\"@type\":\"ImageObject\",\"inLanguage\":\"de\",\"@id\":\"https:\/\/asta.uni-saarland.de\/unifilm\/#\/schema\/logo\/image\/\",\"url\":\"https:\/\/asta.uni-saarland.de\/unifilm\/wp-content\/uploads\/2024\/04\/cropped-cropped-cropped-logo_eule.jpg\",\"contentUrl\":\"https:\/\/asta.uni-saarland.de\/unifilm\/wp-content\/uploads\/2024\/04\/cropped-cropped-cropped-logo_eule.jpg\",\"width\":512,\"height\":512,\"caption\":\"Unifilm Saarbr\u00fccken\"},\"image\":{\"@id\":\"https:\/\/asta.uni-saarland.de\/unifilm\/#\/schema\/logo\/image\/\"},\"sameAs\":[\"https:\/\/www.instagram.com\/unifilm_uds\/\"]}]}<\/script>\n<!-- \/ Yoast SEO plugin. -->","yoast_head_json":{"title":"Kontakt - Unifilm Saarbr\u00fccken","robots":{"index":"index","follow":"follow","max-snippet":"max-snippet:-1","max-image-preview":"max-image-preview:large","max-video-preview":"max-video-preview:-1"},"canonical":"https:\/\/asta.uni-saarland.de\/unifilm\/kontakt\/","og_locale":"de_DE","og_type":"article","og_title":"Kontakt - Unifilm Saarbr\u00fccken","og_description":"Wenn du \u00fcber unsere aktuellen Vorstellungen informiert werden m\u00f6chtest, kannst du uns auf folgende Weise folgen: Instagram @unifilm_uds Wenn Du Fragen, Anregungen oder Kritik zu UNIFILM hast oder mitmachen m\u00f6chtest, komm einfach bei uns vorbei.Wir freuen uns auf Deinen Besuch.","og_url":"https:\/\/asta.uni-saarland.de\/unifilm\/kontakt\/","og_site_name":"Unifilm Saarbr\u00fccken","article_publisher":"https:\/\/www.instagram.com\/unifilm_uds\/","article_modified_time":"2024-10-19T14:15:42+00:00","twitter_card":"summary_large_image","twitter_misc":{"Gesch\u00e4tzte Lesezeit":"1\u00a0Minute"},"schema":{"@context":"https:\/\/schema.org","@graph":[{"@type":"WebPage","@id":"https:\/\/asta.uni-saarland.de\/unifilm\/kontakt\/","url":"https:\/\/asta.uni-saarland.de\/unifilm\/kontakt\/","name":"Kontakt - Unifilm Saarbr\u00fccken","isPartOf":{"@id":"https:\/\/asta.uni-saarland.de\/unifilm\/#website"},"datePublished":"2022-04-04T00:25:36+00:00","dateModified":"2024-10-19T14:15:42+00:00","breadcrumb":{"@id":"https:\/\/asta.uni-saarland.de\/unifilm\/kontakt\/#breadcrumb"},"inLanguage":"de","potentialAction":[{"@type":"ReadAction","target":["https:\/\/asta.uni-saarland.de\/unifilm\/kontakt\/"]}]},{"@type":"BreadcrumbList","@id":"https:\/\/asta.uni-saarland.de\/unifilm\/kontakt\/#breadcrumb","itemListElement":[{"@type":"ListItem","position":1,"name":"Startseite","item":"https:\/\/asta.uni-saarland.de\/unifilm\/"},{"@type":"ListItem","position":2,"name":"Kontakt"}]},{"@type":"WebSite","@id":"https:\/\/asta.uni-saarland.de\/unifilm\/#website","url":"https:\/\/asta.uni-saarland.de\/unifilm\/","name":"Unifilm","description":"Das Filmprojekt des AStA der UdS","publisher":{"@id":"https:\/\/asta.uni-saarland.de\/unifilm\/#organization"},"potentialAction":[{"@type":"SearchAction","target":{"@type":"EntryPoint","urlTemplate":"https:\/\/asta.uni-saarland.de\/unifilm\/?s={search_term_string}"},"query-input":{"@type":"PropertyValueSpecification","valueRequired":true,"valueName":"search_term_string"}}],"inLanguage":"de"},{"@type":"Organization","@id":"https:\/\/asta.uni-saarland.de\/unifilm\/#organization","name":"Unifilm Saarbr\u00fccken","alternateName":"Unifilm","url":"https:\/\/asta.uni-saarland.de\/unifilm\/","logo":{"@type":"ImageObject","inLanguage":"de","@id":"https:\/\/asta.uni-saarland.de\/unifilm\/#\/schema\/logo\/image\/","url":"https:\/\/asta.uni-saarland.de\/unifilm\/wp-content\/uploads\/2024\/04\/cropped-cropped-cropped-logo_eule.jpg","contentUrl":"https:\/\/asta.uni-saarland.de\/unifilm\/wp-content\/uploads\/2024\/04\/cropped-cropped-cropped-logo_eule.jpg","width":512,"height":512,"caption":"Unifilm Saarbr\u00fccken"},"image":{"@id":"https:\/\/asta.uni-saarland.de\/unifilm\/#\/schema\/logo\/image\/"},"sameAs":["https:\/\/www.instagram.com\/unifilm_uds\/"]}]}},"_links":{"self":[{"href":"https:\/\/asta.uni-saarland.de\/unifilm\/wp-json\/wp\/v2\/pages\/129","targetHints":{"allow":["GET"]}}],"collection":[{"href":"https:\/\/asta.uni-saarland.de\/unifilm\/wp-json\/wp\/v2\/pages"}],"about":[{"href":"https:\/\/asta.uni-saarland.de\/unifilm\/wp-json\/wp\/v2\/types\/page"}],"author":[{"embeddable":true,"href":"https:\/\/asta.uni-saarland.de\/unifilm\/wp-json\/wp\/v2\/users\/2"}],"replies":[{"embeddable":true,"href":"https:\/\/asta.uni-saarland.de\/unifilm\/wp-json\/wp\/v2\/comments?post=129"}],"version-history":[{"count":5,"href":"https:\/\/asta.uni-saarland.de\/unifilm\/wp-json\/wp\/v2\/pages\/129\/revisions"}],"predecessor-version":[{"id":1651,"href":"https:\/\/asta.uni-saarland.de\/unifilm\/wp-json\/wp\/v2\/pages\/129\/revisions\/1651"}],"wp:attachment":[{"href":"https:\/\/asta.uni-saarland.de\/unifilm\/wp-json\/wp\/v2\/media?parent=129"}],"curies":[{"name":"wp","href":"https:\/\/api.w.org\/{rel}","templated":true}]}}