{"id":64,"date":"2022-04-04T00:54:12","date_gmt":"2022-04-03T22:54:12","guid":{"rendered":"https:\/\/asta.uni-saarland.de\/unifilm-new\/?page_id=64"},"modified":"2023-10-20T20:39:07","modified_gmt":"2023-10-20T18:39:07","slug":"wintersemester-2022-2","status":"publish","type":"page","link":"https:\/\/asta.uni-saarland.de\/unifilm\/wintersemester-2022-2\/","title":{"rendered":"Wintersemester 23\/24"},"content":{"rendered":"<div class=\"wp-block-image\">\n<figure class=\"alignleft size-large is-resized\"><a href=\"https:\/\/asta.uni-saarland.de\/unifilm\/wp-content\/uploads\/2023\/10\/Programm_Plakat_A1_v004_bild.png\"><img loading=\"lazy\" decoding=\"async\" width=\"725\" height=\"1024\" src=\"https:\/\/asta.uni-saarland.de\/unifilm\/wp-content\/uploads\/2023\/10\/Programm_Plakat_A1_v004_bild-725x1024.png\" alt=\"\" class=\"wp-image-516\" style=\"aspect-ratio:0.7080078125;width:356px;height:auto\" srcset=\"https:\/\/asta.uni-saarland.de\/unifilm\/wp-content\/uploads\/2023\/10\/Programm_Plakat_A1_v004_bild-725x1024.png 725w, https:\/\/asta.uni-saarland.de\/unifilm\/wp-content\/uploads\/2023\/10\/Programm_Plakat_A1_v004_bild-213x300.png 213w, https:\/\/asta.uni-saarland.de\/unifilm\/wp-content\/uploads\/2023\/10\/Programm_Plakat_A1_v004_bild-768x1084.png 768w, https:\/\/asta.uni-saarland.de\/unifilm\/wp-content\/uploads\/2023\/10\/Programm_Plakat_A1_v004_bild-1088x1536.png 1088w, https:\/\/asta.uni-saarland.de\/unifilm\/wp-content\/uploads\/2023\/10\/Programm_Plakat_A1_v004_bild-1451x2048.png 1451w, https:\/\/asta.uni-saarland.de\/unifilm\/wp-content\/uploads\/2023\/10\/Programm_Plakat_A1_v004_bild.png 1530w\" sizes=\"auto, (max-width: 725px) 100vw, 725px\" \/><\/a><\/figure>\n<\/div>\n\n\n<p>Endlich startet Unifilm wieder \ud83c\udfacNach einer Pause im Sommersemester geht es wieder los. Wir freuen uns, euch hier unser Programm f\u00fcr das Wintersemester 2023 bis 2024 vorstellen zu d\u00fcrfen. F\u00fcr alle ist etwas dabei. Auch f\u00fcr internationale Studis. Viele der Filme sind auch in Englisch oder in der originalen Sprache. F\u00fcr nur 3 \u20ac k\u00f6nnt ihr jeden Dienstag des Semesters Abends um 18:45 Uhr in den AudiMax kommen und euch einen tollen Film anschauen. Nat\u00fcrlich gibt es auch Popcorn und Getr\u00e4nke \ud83c\udf7fZus\u00e4tzlich gibt es noch drei Blinddates, also Vorf\u00fchrungen mit kostenfreiem Einlass, wo ihr euch mit einem Film \u00fcberraschen lassen k\u00f6nnt.<\/p>\n\n\n\n<p>Unifilm is finally starting again! After a long summer break, we&#8217;re back. We are pleased to be able to introduce you to our program for the winter semester 2023 to 2024. There is something for everyone. Also for international students. Many of the films are also in English or in the original language. For just \u20ac3 you can come to the AudiMax every Tuesday evening at 6:45 p.m. and watch a great movie. Of course, there will also be popcorn and drinks. There are also three blind dates, i.e. screenings where you can be surprised with a film, and you don&#8217;t even have to pay for it.<\/p>\n","protected":false},"excerpt":{"rendered":"<p>Endlich startet Unifilm wieder \ud83c\udfacNach einer Pause im Sommersemester geht es wieder los. Wir freuen uns, euch hier unser Programm f\u00fcr das Wintersemester 2023 bis 2024 vorstellen zu d\u00fcrfen. F\u00fcr alle ist etwas dabei. Auch f\u00fcr internationale Studis. Viele der<\/p>\n","protected":false},"author":2,"featured_media":0,"parent":0,"menu_order":0,"comment_status":"closed","ping_status":"closed","template":"","meta":{"footnotes":""},"class_list":["post-64","page","type-page","status-publish","hentry"],"yoast_head":"<!-- This site is optimized with the Yoast SEO plugin v23.5 - https:\/\/yoast.com\/wordpress\/plugins\/seo\/ -->\n<title>Wintersemester 23\/24 - Unifilm Saarbr\u00fccken<\/title>\n<meta name=\"robots\" content=\"index, follow, max-snippet:-1, max-image-preview:large, max-video-preview:-1\" \/>\n<link rel=\"canonical\" href=\"https:\/\/asta.uni-saarland.de\/unifilm\/wintersemester-2022-2\/\" \/>\n<meta property=\"og:locale\" content=\"de_DE\" \/>\n<meta property=\"og:type\" content=\"article\" \/>\n<meta property=\"og:title\" content=\"Wintersemester 23\/24 - Unifilm Saarbr\u00fccken\" \/>\n<meta property=\"og:description\" content=\"Endlich startet Unifilm wieder \ud83c\udfacNach einer Pause im Sommersemester geht es wieder los. Wir freuen uns, euch hier unser Programm f\u00fcr das Wintersemester 2023 bis 2024 vorstellen zu d\u00fcrfen. F\u00fcr alle ist etwas dabei. Auch f\u00fcr internationale Studis. Viele der\" \/>\n<meta property=\"og:url\" content=\"https:\/\/asta.uni-saarland.de\/unifilm\/wintersemester-2022-2\/\" \/>\n<meta property=\"og:site_name\" content=\"Unifilm Saarbr\u00fccken\" \/>\n<meta property=\"article:publisher\" content=\"https:\/\/www.instagram.com\/unifilm_uds\/\" \/>\n<meta property=\"article:modified_time\" content=\"2023-10-20T18:39:07+00:00\" \/>\n<meta property=\"og:image\" content=\"https:\/\/asta.uni-saarland.de\/unifilm\/wp-content\/uploads\/2023\/10\/Programm_Plakat_A1_v004_bild-725x1024.png\" \/>\n<meta name=\"twitter:card\" content=\"summary_large_image\" \/>\n<meta name=\"twitter:label1\" content=\"Gesch\u00e4tzte Lesezeit\" \/>\n\t<meta name=\"twitter:data1\" content=\"1\u00a0Minute\" \/>\n<script type=\"application\/ld+json\" class=\"yoast-schema-graph\">{\"@context\":\"https:\/\/schema.org\",\"@graph\":[{\"@type\":\"WebPage\",\"@id\":\"https:\/\/asta.uni-saarland.de\/unifilm\/wintersemester-2022-2\/\",\"url\":\"https:\/\/asta.uni-saarland.de\/unifilm\/wintersemester-2022-2\/\",\"name\":\"Wintersemester 23\/24 - Unifilm Saarbr\u00fccken\",\"isPartOf\":{\"@id\":\"https:\/\/asta.uni-saarland.de\/unifilm\/#website\"},\"primaryImageOfPage\":{\"@id\":\"https:\/\/asta.uni-saarland.de\/unifilm\/wintersemester-2022-2\/#primaryimage\"},\"image\":{\"@id\":\"https:\/\/asta.uni-saarland.de\/unifilm\/wintersemester-2022-2\/#primaryimage\"},\"thumbnailUrl\":\"https:\/\/asta.uni-saarland.de\/unifilm\/wp-content\/uploads\/2023\/10\/Programm_Plakat_A1_v004_bild-725x1024.png\",\"datePublished\":\"2022-04-03T22:54:12+00:00\",\"dateModified\":\"2023-10-20T18:39:07+00:00\",\"breadcrumb\":{\"@id\":\"https:\/\/asta.uni-saarland.de\/unifilm\/wintersemester-2022-2\/#breadcrumb\"},\"inLanguage\":\"de\",\"potentialAction\":[{\"@type\":\"ReadAction\",\"target\":[\"https:\/\/asta.uni-saarland.de\/unifilm\/wintersemester-2022-2\/\"]}]},{\"@type\":\"ImageObject\",\"inLanguage\":\"de\",\"@id\":\"https:\/\/asta.uni-saarland.de\/unifilm\/wintersemester-2022-2\/#primaryimage\",\"url\":\"https:\/\/asta.uni-saarland.de\/unifilm\/wp-content\/uploads\/2023\/10\/Programm_Plakat_A1_v004_bild.png\",\"contentUrl\":\"https:\/\/asta.uni-saarland.de\/unifilm\/wp-content\/uploads\/2023\/10\/Programm_Plakat_A1_v004_bild.png\",\"width\":1530,\"height\":2160},{\"@type\":\"BreadcrumbList\",\"@id\":\"https:\/\/asta.uni-saarland.de\/unifilm\/wintersemester-2022-2\/#breadcrumb\",\"itemListElement\":[{\"@type\":\"ListItem\",\"position\":1,\"name\":\"Startseite\",\"item\":\"https:\/\/asta.uni-saarland.de\/unifilm\/\"},{\"@type\":\"ListItem\",\"position\":2,\"name\":\"Wintersemester 23\/24\"}]},{\"@type\":\"WebSite\",\"@id\":\"https:\/\/asta.uni-saarland.de\/unifilm\/#website\",\"url\":\"https:\/\/asta.uni-saarland.de\/unifilm\/\",\"name\":\"Unifilm\",\"description\":\"Das Filmprojekt des AStA der UdS\",\"publisher\":{\"@id\":\"https:\/\/asta.uni-saarland.de\/unifilm\/#organization\"},\"potentialAction\":[{\"@type\":\"SearchAction\",\"target\":{\"@type\":\"EntryPoint\",\"urlTemplate\":\"https:\/\/asta.uni-saarland.de\/unifilm\/?s={search_term_string}\"},\"query-input\":{\"@type\":\"PropertyValueSpecification\",\"valueRequired\":true,\"valueName\":\"search_term_string\"}}],\"inLanguage\":\"de\"},{\"@type\":\"Organization\",\"@id\":\"https:\/\/asta.uni-saarland.de\/unifilm\/#organization\",\"name\":\"Unifilm Saarbr\u00fccken\",\"alternateName\":\"Unifilm\",\"url\":\"https:\/\/asta.uni-saarland.de\/unifilm\/\",\"logo\":{\"@type\":\"ImageObject\",\"inLanguage\":\"de\",\"@id\":\"https:\/\/asta.uni-saarland.de\/unifilm\/#\/schema\/logo\/image\/\",\"url\":\"https:\/\/asta.uni-saarland.de\/unifilm\/wp-content\/uploads\/2024\/04\/cropped-cropped-cropped-logo_eule.jpg\",\"contentUrl\":\"https:\/\/asta.uni-saarland.de\/unifilm\/wp-content\/uploads\/2024\/04\/cropped-cropped-cropped-logo_eule.jpg\",\"width\":512,\"height\":512,\"caption\":\"Unifilm Saarbr\u00fccken\"},\"image\":{\"@id\":\"https:\/\/asta.uni-saarland.de\/unifilm\/#\/schema\/logo\/image\/\"},\"sameAs\":[\"https:\/\/www.instagram.com\/unifilm_uds\/\"]}]}<\/script>\n<!-- \/ Yoast SEO plugin. -->","yoast_head_json":{"title":"Wintersemester 23\/24 - Unifilm Saarbr\u00fccken","robots":{"index":"index","follow":"follow","max-snippet":"max-snippet:-1","max-image-preview":"max-image-preview:large","max-video-preview":"max-video-preview:-1"},"canonical":"https:\/\/asta.uni-saarland.de\/unifilm\/wintersemester-2022-2\/","og_locale":"de_DE","og_type":"article","og_title":"Wintersemester 23\/24 - Unifilm Saarbr\u00fccken","og_description":"Endlich startet Unifilm wieder \ud83c\udfacNach einer Pause im Sommersemester geht es wieder los. Wir freuen uns, euch hier unser Programm f\u00fcr das Wintersemester 2023 bis 2024 vorstellen zu d\u00fcrfen. F\u00fcr alle ist etwas dabei. Auch f\u00fcr internationale Studis. Viele der","og_url":"https:\/\/asta.uni-saarland.de\/unifilm\/wintersemester-2022-2\/","og_site_name":"Unifilm Saarbr\u00fccken","article_publisher":"https:\/\/www.instagram.com\/unifilm_uds\/","article_modified_time":"2023-10-20T18:39:07+00:00","og_image":[{"url":"https:\/\/asta.uni-saarland.de\/unifilm\/wp-content\/uploads\/2023\/10\/Programm_Plakat_A1_v004_bild-725x1024.png"}],"twitter_card":"summary_large_image","twitter_misc":{"Gesch\u00e4tzte Lesezeit":"1\u00a0Minute"},"schema":{"@context":"https:\/\/schema.org","@graph":[{"@type":"WebPage","@id":"https:\/\/asta.uni-saarland.de\/unifilm\/wintersemester-2022-2\/","url":"https:\/\/asta.uni-saarland.de\/unifilm\/wintersemester-2022-2\/","name":"Wintersemester 23\/24 - Unifilm Saarbr\u00fccken","isPartOf":{"@id":"https:\/\/asta.uni-saarland.de\/unifilm\/#website"},"primaryImageOfPage":{"@id":"https:\/\/asta.uni-saarland.de\/unifilm\/wintersemester-2022-2\/#primaryimage"},"image":{"@id":"https:\/\/asta.uni-saarland.de\/unifilm\/wintersemester-2022-2\/#primaryimage"},"thumbnailUrl":"https:\/\/asta.uni-saarland.de\/unifilm\/wp-content\/uploads\/2023\/10\/Programm_Plakat_A1_v004_bild-725x1024.png","datePublished":"2022-04-03T22:54:12+00:00","dateModified":"2023-10-20T18:39:07+00:00","breadcrumb":{"@id":"https:\/\/asta.uni-saarland.de\/unifilm\/wintersemester-2022-2\/#breadcrumb"},"inLanguage":"de","potentialAction":[{"@type":"ReadAction","target":["https:\/\/asta.uni-saarland.de\/unifilm\/wintersemester-2022-2\/"]}]},{"@type":"ImageObject","inLanguage":"de","@id":"https:\/\/asta.uni-saarland.de\/unifilm\/wintersemester-2022-2\/#primaryimage","url":"https:\/\/asta.uni-saarland.de\/unifilm\/wp-content\/uploads\/2023\/10\/Programm_Plakat_A1_v004_bild.png","contentUrl":"https:\/\/asta.uni-saarland.de\/unifilm\/wp-content\/uploads\/2023\/10\/Programm_Plakat_A1_v004_bild.png","width":1530,"height":2160},{"@type":"BreadcrumbList","@id":"https:\/\/asta.uni-saarland.de\/unifilm\/wintersemester-2022-2\/#breadcrumb","itemListElement":[{"@type":"ListItem","position":1,"name":"Startseite","item":"https:\/\/asta.uni-saarland.de\/unifilm\/"},{"@type":"ListItem","position":2,"name":"Wintersemester 23\/24"}]},{"@type":"WebSite","@id":"https:\/\/asta.uni-saarland.de\/unifilm\/#website","url":"https:\/\/asta.uni-saarland.de\/unifilm\/","name":"Unifilm","description":"Das Filmprojekt des AStA der UdS","publisher":{"@id":"https:\/\/asta.uni-saarland.de\/unifilm\/#organization"},"potentialAction":[{"@type":"SearchAction","target":{"@type":"EntryPoint","urlTemplate":"https:\/\/asta.uni-saarland.de\/unifilm\/?s={search_term_string}"},"query-input":{"@type":"PropertyValueSpecification","valueRequired":true,"valueName":"search_term_string"}}],"inLanguage":"de"},{"@type":"Organization","@id":"https:\/\/asta.uni-saarland.de\/unifilm\/#organization","name":"Unifilm Saarbr\u00fccken","alternateName":"Unifilm","url":"https:\/\/asta.uni-saarland.de\/unifilm\/","logo":{"@type":"ImageObject","inLanguage":"de","@id":"https:\/\/asta.uni-saarland.de\/unifilm\/#\/schema\/logo\/image\/","url":"https:\/\/asta.uni-saarland.de\/unifilm\/wp-content\/uploads\/2024\/04\/cropped-cropped-cropped-logo_eule.jpg","contentUrl":"https:\/\/asta.uni-saarland.de\/unifilm\/wp-content\/uploads\/2024\/04\/cropped-cropped-cropped-logo_eule.jpg","width":512,"height":512,"caption":"Unifilm Saarbr\u00fccken"},"image":{"@id":"https:\/\/asta.uni-saarland.de\/unifilm\/#\/schema\/logo\/image\/"},"sameAs":["https:\/\/www.instagram.com\/unifilm_uds\/"]}]}},"_links":{"self":[{"href":"https:\/\/asta.uni-saarland.de\/unifilm\/wp-json\/wp\/v2\/pages\/64","targetHints":{"allow":["GET"]}}],"collection":[{"href":"https:\/\/asta.uni-saarland.de\/unifilm\/wp-json\/wp\/v2\/pages"}],"about":[{"href":"https:\/\/asta.uni-saarland.de\/unifilm\/wp-json\/wp\/v2\/types\/page"}],"author":[{"embeddable":true,"href":"https:\/\/asta.uni-saarland.de\/unifilm\/wp-json\/wp\/v2\/users\/2"}],"replies":[{"embeddable":true,"href":"https:\/\/asta.uni-saarland.de\/unifilm\/wp-json\/wp\/v2\/comments?post=64"}],"version-history":[{"count":17,"href":"https:\/\/asta.uni-saarland.de\/unifilm\/wp-json\/wp\/v2\/pages\/64\/revisions"}],"predecessor-version":[{"id":532,"href":"https:\/\/asta.uni-saarland.de\/unifilm\/wp-json\/wp\/v2\/pages\/64\/revisions\/532"}],"wp:attachment":[{"href":"https:\/\/asta.uni-saarland.de\/unifilm\/wp-json\/wp\/v2\/media?parent=64"}],"curies":[{"name":"wp","href":"https:\/\/api.w.org\/{rel}","templated":true}]}}